{"id":263,"date":"2018-01-03T17:23:16","date_gmt":"2018-01-03T16:23:16","guid":{"rendered":"http:\/\/fibctec.de\/startseite\/?page_id=263"},"modified":"2018-06-22T16:51:43","modified_gmt":"2018-06-22T15:51:43","slug":"handgeraete","status":"publish","type":"page","link":"http:\/\/fibctec.de\/startseite\/handgeraete\/","title":{"rendered":"Handger\u00e4te"},"content":{"rendered":"\t\t<div data-elementor-type=\"wp-post\" data-elementor-id=\"263\" class=\"elementor elementor-263 elementor-bc-flex-widget\">\n\t\t\t\t\t\t<section class=\"elementor-section elementor-top-section elementor-element elementor-element-5d0a6448 elementor-section-boxed elementor-section-height-default elementor-section-height-default\" data-id=\"5d0a6448\" data-element_type=\"section\">\n\t\t\t\t\t\t<div class=\"elementor-container elementor-column-gap-default\">\n\t\t\t\t\t<div class=\"elementor-column elementor-col-33 elementor-top-column elementor-element elementor-element-2324c964\" data-id=\"2324c964\" data-element_type=\"column\">\n\t\t\t<div class=\"elementor-widget-wrap elementor-element-populated\">\n\t\t\t\t\t\t<div class=\"elementor-element elementor-element-6f2f6c96 elementor-widget elementor-widget-heading\" data-id=\"6f2f6c96\" data-element_type=\"widget\" data-widget_type=\"heading.default\">\n\t\t\t\t<div class=\"elementor-widget-container\">\n\t\t\t\t\t<h3 class=\"elementor-heading-title elementor-size-default\">Scheren<\/h3>\t\t\t\t<\/div>\n\t\t\t\t<\/div>\n\t\t\t\t\t<\/div>\n\t\t<\/div>\n\t\t\t\t<div class=\"elementor-column elementor-col-33 elementor-top-column elementor-element elementor-element-268e2c5\" data-id=\"268e2c5\" data-element_type=\"column\">\n\t\t\t<div class=\"elementor-widget-wrap elementor-element-populated\">\n\t\t\t\t\t\t\t<\/div>\n\t\t<\/div>\n\t\t\t\t<div class=\"elementor-column elementor-col-33 elementor-top-column elementor-element elementor-element-7d2bd0bc\" data-id=\"7d2bd0bc\" data-element_type=\"column\">\n\t\t\t<div class=\"elementor-widget-wrap elementor-element-populated\">\n\t\t\t\t\t\t<div class=\"elementor-element elementor-element-41bb5446 elementor-widget elementor-widget-image\" data-id=\"41bb5446\" data-element_type=\"widget\" data-widget_type=\"image.default\">\n\t\t\t\t<div class=\"elementor-widget-container\">\n\t\t\t\t\t\t\t\t\t\t\t\t\t\t\t<img decoding=\"async\" width=\"300\" height=\"114\" src=\"http:\/\/fibctec.de\/wp-content\/uploads\/2018\/06\/Schere-300x114.png\" class=\"attachment-medium size-medium wp-image-1579\" alt=\"\" srcset=\"http:\/\/fibctec.de\/wp-content\/uploads\/2018\/06\/Schere-300x114.png 300w, http:\/\/fibctec.de\/wp-content\/uploads\/2018\/06\/Schere.png 751w\" sizes=\"(max-width: 300px) 100vw, 300px\" \/>\t\t\t\t\t\t\t\t\t\t\t\t\t\t\t<\/div>\n\t\t\t\t<\/div>\n\t\t\t\t\t<\/div>\n\t\t<\/div>\n\t\t\t\t\t<\/div>\n\t\t<\/section>\n\t\t\t\t<section class=\"elementor-section elementor-top-section elementor-element elementor-element-efedc9c elementor-section-boxed elementor-section-height-default elementor-section-height-default\" data-id=\"efedc9c\" data-element_type=\"section\">\n\t\t\t\t\t\t<div class=\"elementor-container elementor-column-gap-default\">\n\t\t\t\t\t<div class=\"elementor-column elementor-col-100 elementor-top-column elementor-element elementor-element-cb40430\" data-id=\"cb40430\" data-element_type=\"column\">\n\t\t\t<div class=\"elementor-widget-wrap elementor-element-populated\">\n\t\t\t\t\t\t<div class=\"elementor-element elementor-element-80aefb7 elementor-widget-divider--view-line elementor-widget elementor-widget-divider\" data-id=\"80aefb7\" data-element_type=\"widget\" data-widget_type=\"divider.default\">\n\t\t\t\t<div class=\"elementor-widget-container\">\n\t\t\t\t\t\t\t<div class=\"elementor-divider\">\n\t\t\t<span class=\"elementor-divider-separator\">\n\t\t\t\t\t\t<\/span>\n\t\t<\/div>\n\t\t\t\t\t\t<\/div>\n\t\t\t\t<\/div>\n\t\t\t\t\t<\/div>\n\t\t<\/div>\n\t\t\t\t\t<\/div>\n\t\t<\/section>\n\t\t\t\t<section class=\"elementor-section elementor-top-section elementor-element elementor-element-8caa77c elementor-section-boxed elementor-section-height-default elementor-section-height-default\" data-id=\"8caa77c\" data-element_type=\"section\">\n\t\t\t\t\t\t<div class=\"elementor-container elementor-column-gap-default\">\n\t\t\t\t\t<div class=\"elementor-column elementor-col-33 elementor-top-column elementor-element elementor-element-a472a00\" data-id=\"a472a00\" data-element_type=\"column\">\n\t\t\t<div class=\"elementor-widget-wrap elementor-element-populated\">\n\t\t\t\t\t\t<div class=\"elementor-element elementor-element-faf24df elementor-widget elementor-widget-heading\" data-id=\"faf24df\" data-element_type=\"widget\" data-widget_type=\"heading.default\">\n\t\t\t\t<div class=\"elementor-widget-container\">\n\t\t\t\t\t<h3 class=\"elementor-heading-title elementor-size-default\">AKKU - Schere<\/h3>\t\t\t\t<\/div>\n\t\t\t\t<\/div>\n\t\t\t\t\t<\/div>\n\t\t<\/div>\n\t\t\t\t<div class=\"elementor-column elementor-col-33 elementor-top-column elementor-element elementor-element-b15f38e\" data-id=\"b15f38e\" data-element_type=\"column\">\n\t\t\t<div class=\"elementor-widget-wrap elementor-element-populated\">\n\t\t\t\t\t\t<div class=\"elementor-element elementor-element-9ac64ec elementor-widget elementor-widget-text-editor\" data-id=\"9ac64ec\" data-element_type=\"widget\" data-widget_type=\"text-editor.default\">\n\t\t\t\t<div class=\"elementor-widget-container\">\n\t\t\t\t\t\t\t\t\t<p style=\"text-align: justify;\">Dieser Allzweckschere eignet sich zum schneiden von zahlreichen Materialien bis 10mm St\u00e4rke.<\/p><p>Schneidsystem: Rundmesse<\/p>\t\t\t\t\t\t\t\t<\/div>\n\t\t\t\t<\/div>\n\t\t\t\t\t<\/div>\n\t\t<\/div>\n\t\t\t\t<div class=\"elementor-column elementor-col-33 elementor-top-column elementor-element elementor-element-60d0252\" data-id=\"60d0252\" data-element_type=\"column\">\n\t\t\t<div class=\"elementor-widget-wrap elementor-element-populated\">\n\t\t\t\t\t\t<div class=\"elementor-element elementor-element-640f027 elementor-widget elementor-widget-image\" data-id=\"640f027\" data-element_type=\"widget\" data-widget_type=\"image.default\">\n\t\t\t\t<div class=\"elementor-widget-container\">\n\t\t\t\t\t\t\t\t\t\t\t\t\t\t\t<img fetchpriority=\"high\" decoding=\"async\" width=\"300\" height=\"217\" src=\"http:\/\/fibctec.de\/wp-content\/uploads\/2018\/06\/Akku-Schere-300x217.jpg\" class=\"attachment-medium size-medium wp-image-1575\" alt=\"\" srcset=\"http:\/\/fibctec.de\/wp-content\/uploads\/2018\/06\/Akku-Schere-300x217.jpg 300w, http:\/\/fibctec.de\/wp-content\/uploads\/2018\/06\/Akku-Schere-768x555.jpg 768w, http:\/\/fibctec.de\/wp-content\/uploads\/2018\/06\/Akku-Schere-1024x739.jpg 1024w, http:\/\/fibctec.de\/wp-content\/uploads\/2018\/06\/Akku-Schere.jpg 1659w\" sizes=\"(max-width: 300px) 100vw, 300px\" \/>\t\t\t\t\t\t\t\t\t\t\t\t\t\t\t<\/div>\n\t\t\t\t<\/div>\n\t\t\t\t\t<\/div>\n\t\t<\/div>\n\t\t\t\t\t<\/div>\n\t\t<\/section>\n\t\t\t\t<section class=\"elementor-section elementor-top-section elementor-element elementor-element-36219a3 elementor-section-boxed elementor-section-height-default elementor-section-height-default\" data-id=\"36219a3\" data-element_type=\"section\">\n\t\t\t\t\t\t<div class=\"elementor-container elementor-column-gap-default\">\n\t\t\t\t\t<div class=\"elementor-column elementor-col-100 elementor-top-column elementor-element elementor-element-70967b4\" data-id=\"70967b4\" data-element_type=\"column\">\n\t\t\t<div class=\"elementor-widget-wrap elementor-element-populated\">\n\t\t\t\t\t\t<div class=\"elementor-element elementor-element-1fe8f76 elementor-widget-divider--view-line elementor-widget elementor-widget-divider\" data-id=\"1fe8f76\" data-element_type=\"widget\" data-widget_type=\"divider.default\">\n\t\t\t\t<div class=\"elementor-widget-container\">\n\t\t\t\t\t\t\t<div class=\"elementor-divider\">\n\t\t\t<span class=\"elementor-divider-separator\">\n\t\t\t\t\t\t<\/span>\n\t\t<\/div>\n\t\t\t\t\t\t<\/div>\n\t\t\t\t<\/div>\n\t\t\t\t\t<\/div>\n\t\t<\/div>\n\t\t\t\t\t<\/div>\n\t\t<\/section>\n\t\t\t\t<section class=\"elementor-section elementor-top-section elementor-element elementor-element-4db2ea7 elementor-section-boxed elementor-section-height-default elementor-section-height-default\" data-id=\"4db2ea7\" data-element_type=\"section\">\n\t\t\t\t\t\t<div class=\"elementor-container elementor-column-gap-default\">\n\t\t\t\t\t<div class=\"elementor-column elementor-col-33 elementor-top-column elementor-element elementor-element-e3d4714\" data-id=\"e3d4714\" data-element_type=\"column\">\n\t\t\t<div class=\"elementor-widget-wrap elementor-element-populated\">\n\t\t\t\t\t\t<div class=\"elementor-element elementor-element-e0f868f elementor-widget elementor-widget-heading\" data-id=\"e0f868f\" data-element_type=\"widget\" data-widget_type=\"heading.default\">\n\t\t\t\t<div class=\"elementor-widget-container\">\n\t\t\t\t\t<h3 class=\"elementor-heading-title elementor-size-default\">Hei\u00dfschneideger\u00e4t<\/h3>\t\t\t\t<\/div>\n\t\t\t\t<\/div>\n\t\t\t\t\t<\/div>\n\t\t<\/div>\n\t\t\t\t<div class=\"elementor-column elementor-col-33 elementor-top-column elementor-element elementor-element-97d7b85\" data-id=\"97d7b85\" data-element_type=\"column\">\n\t\t\t<div class=\"elementor-widget-wrap elementor-element-populated\">\n\t\t\t\t\t\t<div class=\"elementor-element elementor-element-3b447d6 elementor-widget elementor-widget-text-editor\" data-id=\"3b447d6\" data-element_type=\"widget\" data-widget_type=\"text-editor.default\">\n\t\t\t\t<div class=\"elementor-widget-container\">\n\t\t\t\t\t\t\t\t\t<p style=\"text-align: justify;\">Preiswertes Handschneideger\u00e4t f\u00fcr synthetischen Materialien. Je nach Materialdicke wird eine Absaugung f\u00fcr die entstehenden Schneidd\u00e4mpfe ben\u00f6tigt.<\/p><p>Schneidsystem: Hei\u00dfschnitt<\/p><p>Stromanschluss: 230V<\/p>\t\t\t\t\t\t\t\t<\/div>\n\t\t\t\t<\/div>\n\t\t\t\t\t<\/div>\n\t\t<\/div>\n\t\t\t\t<div class=\"elementor-column elementor-col-33 elementor-top-column elementor-element elementor-element-ebb2f63\" data-id=\"ebb2f63\" data-element_type=\"column\">\n\t\t\t<div class=\"elementor-widget-wrap elementor-element-populated\">\n\t\t\t\t\t\t<div class=\"elementor-element elementor-element-e390d0f elementor-widget elementor-widget-image\" data-id=\"e390d0f\" data-element_type=\"widget\" data-widget_type=\"image.default\">\n\t\t\t\t<div class=\"elementor-widget-container\">\n\t\t\t\t\t\t\t\t\t\t\t\t\t\t\t<img decoding=\"async\" width=\"300\" height=\"145\" src=\"http:\/\/fibctec.de\/wp-content\/uploads\/2018\/06\/Hei\u00dfschneider-300x145.png\" class=\"attachment-medium size-medium wp-image-1578\" alt=\"\" srcset=\"http:\/\/fibctec.de\/wp-content\/uploads\/2018\/06\/Hei\u00dfschneider-300x145.png 300w, http:\/\/fibctec.de\/wp-content\/uploads\/2018\/06\/Hei\u00dfschneider-768x371.png 768w, http:\/\/fibctec.de\/wp-content\/uploads\/2018\/06\/Hei\u00dfschneider.png 814w\" sizes=\"(max-width: 300px) 100vw, 300px\" \/>\t\t\t\t\t\t\t\t\t\t\t\t\t\t\t<\/div>\n\t\t\t\t<\/div>\n\t\t\t\t\t<\/div>\n\t\t<\/div>\n\t\t\t\t\t<\/div>\n\t\t<\/section>\n\t\t\t\t<section class=\"elementor-section elementor-top-section elementor-element elementor-element-a39672b elementor-section-boxed elementor-section-height-default elementor-section-height-default\" data-id=\"a39672b\" data-element_type=\"section\">\n\t\t\t\t\t\t<div class=\"elementor-container elementor-column-gap-default\">\n\t\t\t\t\t<div class=\"elementor-column elementor-col-100 elementor-top-column elementor-element elementor-element-491d7c2\" data-id=\"491d7c2\" data-element_type=\"column\">\n\t\t\t<div class=\"elementor-widget-wrap elementor-element-populated\">\n\t\t\t\t\t\t<div class=\"elementor-element elementor-element-c4c7061 elementor-widget-divider--view-line elementor-widget elementor-widget-divider\" data-id=\"c4c7061\" data-element_type=\"widget\" data-widget_type=\"divider.default\">\n\t\t\t\t<div class=\"elementor-widget-container\">\n\t\t\t\t\t\t\t<div class=\"elementor-divider\">\n\t\t\t<span class=\"elementor-divider-separator\">\n\t\t\t\t\t\t<\/span>\n\t\t<\/div>\n\t\t\t\t\t\t<\/div>\n\t\t\t\t<\/div>\n\t\t\t\t\t<\/div>\n\t\t<\/div>\n\t\t\t\t\t<\/div>\n\t\t<\/section>\n\t\t\t\t<section class=\"elementor-section elementor-top-section elementor-element elementor-element-67cefcb elementor-section-boxed elementor-section-height-default elementor-section-height-default\" data-id=\"67cefcb\" data-element_type=\"section\">\n\t\t\t\t\t\t<div class=\"elementor-container elementor-column-gap-default\">\n\t\t\t\t\t<div class=\"elementor-column elementor-col-33 elementor-top-column elementor-element elementor-element-7570059\" data-id=\"7570059\" data-element_type=\"column\">\n\t\t\t<div class=\"elementor-widget-wrap elementor-element-populated\">\n\t\t\t\t\t\t<div class=\"elementor-element elementor-element-aea045d elementor-widget elementor-widget-heading\" data-id=\"aea045d\" data-element_type=\"widget\" data-widget_type=\"heading.default\">\n\t\t\t\t<div class=\"elementor-widget-container\">\n\t\t\t\t\t<h3 class=\"elementor-heading-title elementor-size-default\">Ultraschallschneideger\u00e4t H0210<\/h3>\t\t\t\t<\/div>\n\t\t\t\t<\/div>\n\t\t\t\t\t<\/div>\n\t\t<\/div>\n\t\t\t\t<div class=\"elementor-column elementor-col-33 elementor-top-column elementor-element elementor-element-561d96f\" data-id=\"561d96f\" data-element_type=\"column\">\n\t\t\t<div class=\"elementor-widget-wrap elementor-element-populated\">\n\t\t\t\t\t\t<div class=\"elementor-element elementor-element-6cbf195 elementor-widget elementor-widget-text-editor\" data-id=\"6cbf195\" data-element_type=\"widget\" data-widget_type=\"text-editor.default\">\n\t\t\t\t<div class=\"elementor-widget-container\">\n\t\t\t\t\t\t\t\t\t<p style=\"text-align: justify;\">F\u00fcr Kontur- oder Geradschnitte. Es k\u00f6nnen auch geschlossene Konturen geschnitten werden, als Schneidunterlage wird der Tisch mit einer Glasplatte belegt. An der Schnittkante entstehen keine Schwei\u00dfperlen der Schnitt ist absolut sauber und wird f\u00fcr Bag\u00b4s im HIGH-QUALITY Bereich eingesetzt. Optional sind Schablonen oder eine Speziallineal f\u00fcr gerade Zuschnitte erh\u00e4ltlich.<\/p><p>Leistung: 300 Watt<\/p><p>Schneidsystem: Ultraschallschnitt<\/p><p>Stromanschluss: 230 V<\/p>\t\t\t\t\t\t\t\t<\/div>\n\t\t\t\t<\/div>\n\t\t\t\t\t<\/div>\n\t\t<\/div>\n\t\t\t\t<div class=\"elementor-column elementor-col-33 elementor-top-column elementor-element elementor-element-c7811e4\" data-id=\"c7811e4\" data-element_type=\"column\">\n\t\t\t<div class=\"elementor-widget-wrap elementor-element-populated\">\n\t\t\t\t\t\t<div class=\"elementor-element elementor-element-0d43b53 elementor-widget elementor-widget-image\" data-id=\"0d43b53\" data-element_type=\"widget\" data-widget_type=\"image.default\">\n\t\t\t\t<div class=\"elementor-widget-container\">\n\t\t\t\t\t\t\t\t\t\t\t\t\t\t\t<img loading=\"lazy\" decoding=\"async\" width=\"300\" height=\"287\" src=\"http:\/\/fibctec.de\/wp-content\/uploads\/2018\/06\/H210-300x287.png\" class=\"attachment-medium size-medium wp-image-1576\" alt=\"\" srcset=\"http:\/\/fibctec.de\/wp-content\/uploads\/2018\/06\/H210-300x287.png 300w, http:\/\/fibctec.de\/wp-content\/uploads\/2018\/06\/H210-768x733.png 768w, http:\/\/fibctec.de\/wp-content\/uploads\/2018\/06\/H210-1024x978.png 1024w, http:\/\/fibctec.de\/wp-content\/uploads\/2018\/06\/H210.png 1046w\" sizes=\"(max-width: 300px) 100vw, 300px\" \/>\t\t\t\t\t\t\t\t\t\t\t\t\t\t\t<\/div>\n\t\t\t\t<\/div>\n\t\t\t\t\t<\/div>\n\t\t<\/div>\n\t\t\t\t\t<\/div>\n\t\t<\/section>\n\t\t\t\t<section class=\"elementor-section elementor-top-section elementor-element elementor-element-85e51c3 elementor-section-boxed elementor-section-height-default elementor-section-height-default\" data-id=\"85e51c3\" data-element_type=\"section\">\n\t\t\t\t\t\t<div class=\"elementor-container elementor-column-gap-default\">\n\t\t\t\t\t<div class=\"elementor-column elementor-col-100 elementor-top-column elementor-element elementor-element-645728a\" data-id=\"645728a\" data-element_type=\"column\">\n\t\t\t<div class=\"elementor-widget-wrap elementor-element-populated\">\n\t\t\t\t\t\t<div class=\"elementor-element elementor-element-db9eeae elementor-widget-divider--view-line elementor-widget elementor-widget-divider\" data-id=\"db9eeae\" data-element_type=\"widget\" data-widget_type=\"divider.default\">\n\t\t\t\t<div class=\"elementor-widget-container\">\n\t\t\t\t\t\t\t<div class=\"elementor-divider\">\n\t\t\t<span class=\"elementor-divider-separator\">\n\t\t\t\t\t\t<\/span>\n\t\t<\/div>\n\t\t\t\t\t\t<\/div>\n\t\t\t\t<\/div>\n\t\t\t\t\t<\/div>\n\t\t<\/div>\n\t\t\t\t\t<\/div>\n\t\t<\/section>\n\t\t\t\t<section class=\"elementor-section elementor-top-section elementor-element elementor-element-f4cbc8e elementor-section-boxed elementor-section-height-default elementor-section-height-default\" data-id=\"f4cbc8e\" data-element_type=\"section\">\n\t\t\t\t\t\t<div class=\"elementor-container elementor-column-gap-default\">\n\t\t\t\t\t<div class=\"elementor-column elementor-col-33 elementor-top-column elementor-element elementor-element-d1dcd74\" data-id=\"d1dcd74\" data-element_type=\"column\">\n\t\t\t<div class=\"elementor-widget-wrap elementor-element-populated\">\n\t\t\t\t\t\t<div class=\"elementor-element elementor-element-667390e elementor-widget elementor-widget-heading\" data-id=\"667390e\" data-element_type=\"widget\" data-widget_type=\"heading.default\">\n\t\t\t\t<div class=\"elementor-widget-container\">\n\t\t\t\t\t<h3 class=\"elementor-heading-title elementor-size-default\">Ultraschallschneideger\u00e4t H0211<\/h3>\t\t\t\t<\/div>\n\t\t\t\t<\/div>\n\t\t\t\t\t<\/div>\n\t\t<\/div>\n\t\t\t\t<div class=\"elementor-column elementor-col-33 elementor-top-column elementor-element elementor-element-d8df863\" data-id=\"d8df863\" data-element_type=\"column\">\n\t\t\t<div class=\"elementor-widget-wrap elementor-element-populated\">\n\t\t\t\t\t\t<div class=\"elementor-element elementor-element-a4d411e elementor-widget elementor-widget-text-editor\" data-id=\"a4d411e\" data-element_type=\"widget\" data-widget_type=\"text-editor.default\">\n\t\t\t\t<div class=\"elementor-widget-container\">\n\t\t\t\t\t\t\t\t\t<p style=\"text-align: justify;\">F\u00fcr Kontur- oder Geradschnitte . Es k\u00f6nnen bei Formschnitten nur offene Konturen auf einem standard Zuschneidetisch geschnitten werden. An der Schnittkante entste-hen keine Schwei\u00dfperlen, der Schnitt ist absolut sauber und wird f\u00fcr Nachschnitte , Musterzuschnitte im HIGH-QUALITY Bereich verwendet. Optional kann das Ger\u00e4t mit einem Spezialfu\u00df f\u00fcr gef\u00fchrte gerade Zuschnitte eingesetzt werden.<\/p><p>Leistung: 300 Watt<\/p><p>Schneidsystem: Ultraschallschnitt<\/p><p>Stromanschluss: 230 V<\/p>\t\t\t\t\t\t\t\t<\/div>\n\t\t\t\t<\/div>\n\t\t\t\t\t<\/div>\n\t\t<\/div>\n\t\t\t\t<div class=\"elementor-column elementor-col-33 elementor-top-column elementor-element elementor-element-df628de\" data-id=\"df628de\" data-element_type=\"column\">\n\t\t\t<div class=\"elementor-widget-wrap elementor-element-populated\">\n\t\t\t\t\t\t<div class=\"elementor-element elementor-element-094af4e elementor-widget elementor-widget-image\" data-id=\"094af4e\" data-element_type=\"widget\" data-widget_type=\"image.default\">\n\t\t\t\t<div class=\"elementor-widget-container\">\n\t\t\t\t\t\t\t\t\t\t\t\t\t\t\t<img loading=\"lazy\" decoding=\"async\" width=\"300\" height=\"271\" src=\"http:\/\/fibctec.de\/wp-content\/uploads\/2018\/06\/H211-300x271.png\" class=\"attachment-medium size-medium wp-image-1577\" alt=\"\" srcset=\"http:\/\/fibctec.de\/wp-content\/uploads\/2018\/06\/H211-300x271.png 300w, http:\/\/fibctec.de\/wp-content\/uploads\/2018\/06\/H211-768x694.png 768w, http:\/\/fibctec.de\/wp-content\/uploads\/2018\/06\/H211-1024x925.png 1024w, http:\/\/fibctec.de\/wp-content\/uploads\/2018\/06\/H211.png 1091w\" sizes=\"(max-width: 300px) 100vw, 300px\" \/>\t\t\t\t\t\t\t\t\t\t\t\t\t\t\t<\/div>\n\t\t\t\t<\/div>\n\t\t\t\t\t<\/div>\n\t\t<\/div>\n\t\t\t\t\t<\/div>\n\t\t<\/section>\n\t\t\t\t<\/div>\n\t\t","protected":false},"excerpt":{"rendered":"<p>Scheren AKKU &#8211; Schere Dieser Allzweckschere eignet sich zum schneiden von zahlreichen Materialien bis 10mm St\u00e4rke. Schneidsystem: Rundmesse Hei\u00dfschneideger\u00e4t Preiswertes Handschneideger\u00e4t f\u00fcr synthetischen Materialien. Je nach Materialdicke wird eine Absaugung f\u00fcr die entstehenden Schneidd\u00e4mpfe ben\u00f6tigt. Schneidsystem: Hei\u00dfschnitt Stromanschluss: 230V Ultraschallschneideger\u00e4t H0210 F\u00fcr Kontur- oder Geradschnitte. Es k\u00f6nnen auch geschlossene Konturen geschnitten werden, als Schneidunterlage wird [&hellip;]<\/p>\n","protected":false},"author":1,"featured_media":0,"parent":0,"menu_order":10,"comment_status":"closed","ping_status":"closed","template":"full-width.php","meta":{"footnotes":""},"aioseo_notices":[],"_links":{"self":[{"href":"http:\/\/fibctec.de\/startseite\/wp-json\/wp\/v2\/pages\/263"}],"collection":[{"href":"http:\/\/fibctec.de\/startseite\/wp-json\/wp\/v2\/pages"}],"about":[{"href":"http:\/\/fibctec.de\/startseite\/wp-json\/wp\/v2\/types\/page"}],"author":[{"embeddable":true,"href":"http:\/\/fibctec.de\/startseite\/wp-json\/wp\/v2\/users\/1"}],"replies":[{"embeddable":true,"href":"http:\/\/fibctec.de\/startseite\/wp-json\/wp\/v2\/comments?post=263"}],"version-history":[{"count":5,"href":"http:\/\/fibctec.de\/startseite\/wp-json\/wp\/v2\/pages\/263\/revisions"}],"predecessor-version":[{"id":1582,"href":"http:\/\/fibctec.de\/startseite\/wp-json\/wp\/v2\/pages\/263\/revisions\/1582"}],"wp:attachment":[{"href":"http:\/\/fibctec.de\/startseite\/wp-json\/wp\/v2\/media?parent=263"}],"curies":[{"name":"wp","href":"https:\/\/api.w.org\/{rel}","templated":true}]}}